t -24217 (base 14) to base 13.
-31203
Convert 136a25 (base 15) to base 13.
269048
305412 (base 6) to base 4
11333300
10dc83 (base 15) to base 2
11000100110010111001
2223004133 (base 5) to base 14
9146d2
Convert -55453524 (base 6) to base 15.
-23035d
Convert -120320440 (base 5) to base 12.
-22a844
Convert -8e875 (base 15) to base 13.
-12b945
What is aa04979 (base 11) in base 2?
1001001101111111000001011
45218 (base 13) to base 2
11110101010010100
-210320311 (base 4) to base 14
-3d0c5
What is 57be1 (base 15) in base 13?
9a261
10310434 (base 5) to base 10
88244
Convert 1212102203 (base 5) to base 13.
788c29
-bc3bc9 (base 13) to base 5
-2113414240
What is -25c78 (base 14) in base 16?
-16b52
-1272703 (base 8) to base 12
-1530ab
What is 371045 (base 11) in base 3?
1002211020111
-91068 (base 15) to base 4
-1300011122
Convert 1101011111010 (base 2) to base 3.
100110210
What is 1a88513 (base 14) in base 10?
13238053
883887 (base 11) to base 16
158620
Convert -3ad09 (base 15) to base 10.
-188559
What is -38c249 (base 16) in base 13?
-a0314b
Convert -1011010001001110 (base 2) to base 3.
-2100022120
Convert -4cb31e (base 15) to base 8.
-16031015
Convert -313aaa (base 11) to base 14.
-d14cd
Convert 2846374 (base 9) to base 12.
63644a
What is -146773 (base 8) in base 11?
-36688
What is 87307 (base 11) in base 2?
11110111101011111
Convert -3064983 (base 10) to base 2.
-1011101100010010010111
Convert -579799 (base 12) to base 16.
-157425
Convert -143132414 (base 5) to base 8.
-2703237
Convert -8207135 (base 10) to base 6.
-451523555
What is -204221232 (base 5) in base 14?
-182414
Convert 3343411230 (base 5) to base 7.
116634555
What is -1001001000001010 (base 2) in base 14?
-d8a6
Convert 22011 (base 12) to base 11.
30846
Convert -110012211212100 (base 3) to base 11.
-37348aa
What is -7b9a5 (base 12) in base 9?
-272118
Convert -13033013 (base 4) to base 13.
-1064c
Convert -2112210212021 (base 3) to base 6.
-45010141
Convert 244541 (base 7) to base 16.
af40
Convert 1102201022202 (base 3) to base 10.
762041
-4a2587 (base 14) to base 13
-6b008a
What is 3764253 (base 9) in base 2?
111110100100001101110
Convert -23b4a7 (base 13) to base 3.
-1121100102211
What is -61aa5 (base 15) in base 5?
-34401110
What is 57a30 (base 13) in base 2?
100111000010101001
What is 12231130 (base 5) in base 12?
58115
What is 4799a (base 11) in base 6?
1251451
Convert 2910b71 (base 12) to base 16.
7da385
-365445 (base 8) to base 5
-13010413
-150420 (base 13) to base 10
-514800
Convert -3752442 (base 9) to base 10.
-2042291
What is 100213 (base 10) in base 8?
303565
Convert b3b61 (base 12) to base 9.
387241
What is -20605351 (base 7) in base 13?
-493600
355672 (base 13) to base 12
5122b4
Convert 18599 (base 14) to base 3.
10010100011
Convert -120118 (base 10) to base 12.
-5961a
What is 24245620 (base 7) in base 6?
114205311
Convert b16d8 (base 15) to base 8.
2111213
1001010011101100001010 (base 2) to base 14
47729c
What is -100101001111001 (base 2) in base 7?
-106404
What is -5615135 (base 7) in base 10?
-693278
-2121102231 (base 4) to base 13
-18ca3b
-9865 (base 10) to base 2
-10011010001001
What is 141138 (base 9) in base 8?
250172
bf544 (base 16) to base 15
107309
What is -857013 (base 10) in base 5?
-204411023
What is -52bb (base 12) in base 8?
-21557
29b91 (base 12) to base 10
58717
What is 4145ca (base 16) in base 2?
10000010100010111001010
Convert 31c7a7 (base 13) to base 4.
10131223030
-232212322 (base 5) to base 6
-34332011
What is 1741ba4 (base 12) in base 16?
49756c
-3353055 (base 6) to base 4
-221213123
What is -a9857 (base 15) in base 7?
-4401664
-10000000110101000 (base 2) to base 11
-45614
Convert 69742b (base 16) to base 13.
157c87b
Convert 200222222 (base 3) to base 6.
144042
What is 3724 (base 8) in base 5?
31004
15055144 (base 7) to base 10
1425589
What is -44862 (base 11) in base 7?
-360166
What is -104040442 (base 5) in base 3?
-212011011112
Convert -a618a (base 15) to base 10.
-526855
What is -1110010110110111110000 (base 2) in base 15?
-4e5281
What is 241624204 (base 7) in base 12?
5058791
Convert 5436361 (base 9) to base 4.
23020111330
Convert 1001330120 (base 4) to base 8.
1017430
Convert -4b6d8 (base 16) to base 4.
-1023123120
What is af7133 (base 16) in base 13?
24c7527
-1110001000110101001 (base 2) to base 16
-711a9
3db18 (base 14) to base 11
a5030
What is 14a0019 (base 12) in base 3?
21212210210210
-4e1db (base 15) to base 13
-89b49
What is -3161b6 (base 14) in base 9?
-3123030
What is -243240021 (base 5) in base 11?
-715607
What is 22101010120 (base 3) in base 10?
164850
Convert 41b994b (base 12) to base 11.
7025755
-2c622 (base 15) to base 7
-1134203
Convert -244250150 (base 6) to base 13.
-c818b2
Convert da0e6 (base 15) to base 10.
692091
10011101120121 (base 3) to base 13
46b049
What is 31001 (base 10) in base 11?
21323
3105631 (base 7) to base 5
43344120
2096b (base 15) to base 2
11001001111010000
What is 10346520 (base 7) in base 2?
11011000010001111101
121201021112211 (base 3) to base 11
5017643
42a25 (base 16) to base 13
972cb
6d39ec (base 16) to base 11
404a112
-286de (base 16) to base 13
-5a4b4
Convert -2111002211200 (base 3) to base 11.
-8223a6
-951a66 (base 11) to base 7
-15651605
Convert 21222210100111 (base 3) to base 4.
100030331302
-a99aa (base 11) to base 16
-26f6e
317680 (base 10) to base 2
1001101100011110000
-6414404 (base 7) to base 4
-2331232013
What is 254a2 (base 11) in base 9?
55102
Convert -2120226 (base 14) to base 4.
-323302230222
What is -3660a (base 11) in base 5?
-3141040
Convert -35775023 (base 9) to base 12.
-5a254a0
88477 (base 9) to base 10
58714
What is -1c7972 (base 13) in base 15?
-e68e8
Convert 1201300222 (base 4) to base 11.
253934
Convert 454200402 (base 6) to base 10.
8320466
Convert 175846 (base 9) to base 8.
325377
What is 72268 (base 9) in base 13?
18893
What is -52806 (base 16) in base 7?
-2605131
Convert 4607 (base 10) to base 3.
20022122
24845 (base 13) to base 7
400160
Convert 30543333 (base 6) to base 2.
11010111111110101001
Convert -177315 (base 8) to base 12.
-318b9
Convert 1164755 (base 8) to base 4.
1032213231
Convert 4415044 (base 7) to base 9.
1015401
-24626 (base 9) to base 12
-96b0
Convert -b9c8 (base 16) to base 3.
-2102020111
What is -4ecb2 (base 15) in base 4?
-331223021
What is -10000101111001011100000 (base 2) in base 5?
-2110400202
Convert 10311005 (base 6) to base 7.
2406401
Convert -57207 (base 13) to base 11.
-a9118
423233010 (base 6) to base 3
111222220120020
-10011000111111011111 (base 2) to base 4
-2120333133
What is 38019 (base 11) in base 14?
15c75
What is cb625 (base 13) in base 10?
367944
Convert -10221330 (base 5) to base 8.
-247520
What is -357979 (base 10) in base 2?
-1010111011001011011
What is -3b3ad (base 14) in base 4?
-203223331
-301616 (base 8) to base 6
-2043154
What is -13042621 (base 7) in base 10?
-1187089
-10022002212 (base 3) to base 13
-2374a
Convert -39c809 (base 15) to base 10.
-2776059
What is 101001100000001101110000 (base 2) in base 4?
221200031300
Convert -31212 (base 9) to base 12.
-bab5
Convert 10022223332 (base 4) to base 6.
35225102
Convert 1033231402 (base 5) to base 16.
2238a7
What is -100010011020 (base 3) in base 11?
-112905
Convert -a19fc (base 16) to base 7.
-5425031
What is 5ac21 (base 13) in base 12?
80666
-1134241311 (base 5) to base 13
-719ccc
Convert -1643505 (base 7) to base 4.
-313333332
Convert 15736a (base 12) to base 13.
ca264
Convert 111101000011111110011 (base 2) to base 7.
23002323
Convert 14514358 (base 9) to base 2.
11011100001001010110111
Convert 220122111012101 (base 3) to base 15.
123b1e7
2677322 (base 10) to base 3
12001000121002
-22120121101 (base 3) to base 13
-5bb0a
What is -19562 (base 13) in base 10?
-49259
-129776 (base 11) to base 14
-540d4
Convert 100001101001100101 (base 2) to base 13.
4a973
Convert 30b5a (base 12) to base 3.
10020121021
-210111100221220 (base 3) to base 7
-166045242
-521535 (base 6) to base 12
-202ab
Convert -7b5759 (base 14) to base 16.
-402013
What is 3132255 (base 6) in base 10?
152171
What is 10301225 (base 6) in base 4?
1022013101
139786a (base 11) to base 7
26241612
Convert 2363141 (base 7) to base 8.
1114260
-12201220112 (base 3) to base 8
-334440
-5520 (base 12) to base 13
-436b
-3526340 (base 8) t